{"id":46397,"date":"2025-12-05T08:33:48","date_gmt":"2025-12-05T07:33:48","guid":{"rendered":"https:\/\/www.instantevasion.be\/?page_id=46397"},"modified":"2025-12-17T13:20:14","modified_gmt":"2025-12-17T12:20:14","slug":"lamaison","status":"publish","type":"page","link":"https:\/\/www.instantevasion.be\/index.php\/lamaison\/","title":{"rendered":"La Maison"},"content":{"rendered":"\t\t<div data-elementor-type=\"wp-page\" data-elementor-id=\"46397\" class=\"elementor elementor-46397\">\n\t\t\t\t<div class=\"elementor-element elementor-element-274ae7c e-flex e-con-boxed cmsmasters-block-default e-con e-parent\" data-id=\"274ae7c\" data-element_type=\"container\">\n\t\t\t\t\t<div class=\"e-con-inner\">\n\t\t<div class=\"elementor-element elementor-element-e6441e2 e-con-full e-flex cmsmasters-block-default e-con e-child\" data-id=\"e6441e2\" data-element_type=\"container\">\n\t\t\t\t<div class=\"elementor-element elementor-element-65d4233 cmsmasters-block-default cmsmasters-sticky-default elementor-widget elementor-widget-text-editor\" data-id=\"65d4233\" data-element_type=\"widget\" data-widget_type=\"text-editor.default\">\n\t\t\t\t<div class=\"elementor-widget-container\">\n\t\t\t<style>\/*! elementor - v3.21.0 - 08-05-2024 *\/\n.elementor-widget-text-editor.elementor-drop-cap-view-stacked .elementor-drop-cap{background-color:#69727d;color:#fff}.elementor-widget-text-editor.elementor-drop-cap-view-framed .elementor-drop-cap{color:#69727d;border:3px solid;background-color:transparent}.elementor-widget-text-editor:not(.elementor-drop-cap-view-default) .elementor-drop-cap{margin-top:8px}.elementor-widget-text-editor:not(.elementor-drop-cap-view-default) .elementor-drop-cap-letter{width:1em;height:1em}.elementor-widget-text-editor .elementor-drop-cap{float:left;text-align:center;line-height:1;font-size:50px}.elementor-widget-text-editor .elementor-drop-cap-letter{display:inline-block}<\/style>\t\t\t\t<p data-start=\"98\" data-end=\"462\">\ud83c\udf7d\ufe0f <strong data-start=\"102\" data-end=\"139\">Un espace pour savourer l\u2019instant<\/strong><br data-start=\"139\" data-end=\"142\" \/>Profitez d\u2019un <strong data-start=\"156\" data-end=\"195\">espace repas convivial et intimiste<\/strong>, id\u00e9al pour partager un moment \u00e0 deux en toute tranquillit\u00e9.<br data-start=\"256\" data-end=\"259\" \/>Que ce soit pour un d\u00eener romantique, un petit-d\u00e9jeuner en douceur ou une planche ap\u00e9ritive, tout est pens\u00e9 pour vous permettre de savourer l\u2019instant, \u00e0 l\u2019abri des regards, dans une ambiance chaleureuse.<\/p><p data-start=\"464\" data-end=\"917\">\ud83d\udc8e <strong data-start=\"467\" data-end=\"511\">Un jacuzzi g\u00e9ant pour une \u00e9vasion totale<\/strong><br data-start=\"511\" data-end=\"514\" \/>Au c\u0153ur de l\u2019exp\u00e9rience Instant \u00c9vasion se trouve un <strong data-start=\"567\" data-end=\"584\">jacuzzi g\u00e9ant<\/strong>, v\u00e9ritable invitation \u00e0 la d\u00e9tente.<br data-start=\"620\" data-end=\"623\" \/>Installez-vous confortablement, laissez les jets massants d\u00e9tendre votre corps et profitez d\u2019un moment hors du temps.<br data-start=\"740\" data-end=\"743\" \/>L\u2019exp\u00e9rience est sublim\u00e9e par une <strong data-start=\"777\" data-end=\"807\">ambiance lumineuse soign\u00e9e<\/strong> et un <strong data-start=\"814\" data-end=\"855\">\u00e9cran g\u00e9ant visible depuis le jacuzzi<\/strong>, pour un moment de relaxation absolue, de jour comme de nuit.<\/p><p data-start=\"919\" data-end=\"1002\">Instant \u00c9vasion, c\u2019est bien plus qu\u2019un s\u00e9jour\u2026 c\u2019est une parenth\u00e8se \u00e0 vivre \u00e0 deux.<\/p>\t\t\t\t\t\t<\/div>\n\t\t\t\t<\/div>\n\t\t\t\t<\/div>\n\t\t<div class=\"elementor-element elementor-element-2f1143d e-con-full e-flex cmsmasters-block-default e-con e-child\" data-id=\"2f1143d\" data-element_type=\"container\">\n\t\t<div class=\"elementor-element elementor-element-c016e01 e-flex e-con-boxed cmsmasters-block-default e-con e-child\" data-id=\"c016e01\" data-element_type=\"container\">\n\t\t\t\t\t<div class=\"e-con-inner\">\n\t\t\t\t<div class=\"elementor-element elementor-element-151178f cmsmasters-block-default cmsmasters-sticky-default elementor-widget elementor-widget-image\" data-id=\"151178f\" data-element_type=\"widget\" data-widget_type=\"image.default\">\n\t\t\t\t<div class=\"elementor-widget-container\">\n\t\t\t<style>\/*! elementor - v3.21.0 - 08-05-2024 *\/\n.elementor-widget-image{text-align:center}.elementor-widget-image a{display:inline-block}.elementor-widget-image a img[src$=\".svg\"]{width:48px}.elementor-widget-image img{vertical-align:middle;display:inline-block}<\/style>\t\t\t\t\t\t\t\t\t\t<img fetchpriority=\"high\" decoding=\"async\" width=\"649\" height=\"300\" src=\"https:\/\/www.instantevasion.be\/wp-content\/uploads\/2025\/12\/20251210_155919-2-649x300.webp\" class=\"attachment-cmsmasters-thumb-single size-cmsmasters-thumb-single wp-image-46714\" alt=\"\" srcset=\"https:\/\/www.instantevasion.be\/wp-content\/uploads\/2025\/12\/20251210_155919-2-649x300.webp 649w, https:\/\/www.instantevasion.be\/wp-content\/uploads\/2025\/12\/20251210_155919-2-300x139.webp 300w, https:\/\/www.instantevasion.be\/wp-content\/uploads\/2025\/12\/20251210_155919-2-1024x473.webp 1024w, https:\/\/www.instantevasion.be\/wp-content\/uploads\/2025\/12\/20251210_155919-2-768x355.webp 768w, https:\/\/www.instantevasion.be\/wp-content\/uploads\/2025\/12\/20251210_155919-2-1536x710.webp 1536w, https:\/\/www.instantevasion.be\/wp-content\/uploads\/2025\/12\/20251210_155919-2-scaled.webp 1920w, https:\/\/www.instantevasion.be\/wp-content\/uploads\/2025\/12\/20251210_155919-2-600x277.webp 600w\" sizes=\"(max-width: 649px) 100vw, 649px\" \/>\t\t\t\t\t\t\t\t\t\t\t\t\t<\/div>\n\t\t\t\t<\/div>\n\t\t\t\t\t<\/div>\n\t\t\t\t<\/div>\n\t\t<div class=\"elementor-element elementor-element-9970d4e e-flex e-con-boxed cmsmasters-block-default e-con e-child\" data-id=\"9970d4e\" data-element_type=\"container\">\n\t\t\t\t\t<div class=\"e-con-inner\">\n\t\t\t\t<div class=\"elementor-element elementor-element-4f299ed cmsmasters-block-default cmsmasters-sticky-default elementor-widget elementor-widget-image\" data-id=\"4f299ed\" data-element_type=\"widget\" data-widget_type=\"image.default\">\n\t\t\t\t<div class=\"elementor-widget-container\">\n\t\t\t\t\t\t\t\t\t\t\t\t\t<img decoding=\"async\" width=\"1024\" height=\"473\" src=\"https:\/\/www.instantevasion.be\/wp-content\/uploads\/2025\/12\/20251203_183321-2-1024x473.jpg\" class=\"attachment-large size-large wp-image-46719\" alt=\"\" srcset=\"https:\/\/www.instantevasion.be\/wp-content\/uploads\/2025\/12\/20251203_183321-2-1024x473.jpg 1024w, https:\/\/www.instantevasion.be\/wp-content\/uploads\/2025\/12\/20251203_183321-2-300x139.jpg 300w, https:\/\/www.instantevasion.be\/wp-content\/uploads\/2025\/12\/20251203_183321-2-768x355.jpg 768w, https:\/\/www.instantevasion.be\/wp-content\/uploads\/2025\/12\/20251203_183321-2-1536x710.jpg 1536w, https:\/\/www.instantevasion.be\/wp-content\/uploads\/2025\/12\/20251203_183321-2-2048x946.jpg 2048w, https:\/\/www.instantevasion.be\/wp-content\/uploads\/2025\/12\/20251203_183321-2-649x300.jpg 649w, https:\/\/www.instantevasion.be\/wp-content\/uploads\/2025\/12\/20251203_183321-2-600x277.jpg 600w\" sizes=\"(max-width: 1024px) 100vw, 1024px\" \/>\t\t\t\t\t\t\t\t\t\t\t\t\t<\/div>\n\t\t\t\t<\/div>\n\t\t\t\t\t<\/div>\n\t\t\t\t<\/div>\n\t\t\t\t<\/div>\n\t\t\t\t\t<\/div>\n\t\t\t\t<\/div>\n\t\t<div class=\"elementor-element elementor-element-56c96a4 e-flex e-con-boxed cmsmasters-block-default e-con e-parent\" data-id=\"56c96a4\" data-element_type=\"container\">\n\t\t\t\t\t<div class=\"e-con-inner\">\n\t\t<div class=\"elementor-element elementor-element-fc95099 e-con-full e-flex cmsmasters-block-default e-con e-child\" data-id=\"fc95099\" data-element_type=\"container\">\n\t\t\t\t<div class=\"elementor-element elementor-element-7b8651a cmsmasters-block-default cmsmasters-sticky-default elementor-widget elementor-widget-image\" data-id=\"7b8651a\" data-element_type=\"widget\" data-widget_type=\"image.default\">\n\t\t\t\t<div class=\"elementor-widget-container\">\n\t\t\t\t\t\t\t\t\t\t\t\t\t<img decoding=\"async\" width=\"819\" height=\"1024\" src=\"https:\/\/www.instantevasion.be\/wp-content\/uploads\/2025\/12\/InShot_20251210_075738952-819x1024.webp\" class=\"attachment-large size-large wp-image-46650\" alt=\"\" srcset=\"https:\/\/www.instantevasion.be\/wp-content\/uploads\/2025\/12\/InShot_20251210_075738952-819x1024.webp 819w, https:\/\/www.instantevasion.be\/wp-content\/uploads\/2025\/12\/InShot_20251210_075738952-240x300.webp 240w, https:\/\/www.instantevasion.be\/wp-content\/uploads\/2025\/12\/InShot_20251210_075738952-768x960.webp 768w, https:\/\/www.instantevasion.be\/wp-content\/uploads\/2025\/12\/InShot_20251210_075738952-1229x1536.webp 1229w, https:\/\/www.instantevasion.be\/wp-content\/uploads\/2025\/12\/InShot_20251210_075738952.webp 1536w, https:\/\/www.instantevasion.be\/wp-content\/uploads\/2025\/12\/InShot_20251210_075738952-600x750.webp 600w\" sizes=\"(max-width: 819px) 100vw, 819px\" \/>\t\t\t\t\t\t\t\t\t\t\t\t\t<\/div>\n\t\t\t\t<\/div>\n\t\t\t\t<\/div>\n\t\t<div class=\"elementor-element elementor-element-2f894f0 e-con-full e-flex cmsmasters-block-default e-con e-child\" data-id=\"2f894f0\" data-element_type=\"container\">\n\t\t\t\t<div class=\"elementor-element elementor-element-9104b30 cmsmasters-block-default cmsmasters-sticky-default elementor-widget elementor-widget-text-editor\" data-id=\"9104b30\" data-element_type=\"widget\" data-widget_type=\"text-editor.default\">\n\t\t\t\t<div class=\"elementor-widget-container\">\n\t\t\t\t\t\t\t<p data-start=\"144\" data-end=\"465\">\u00a0<\/p><p data-start=\"144\" data-end=\"465\">\ud83d\udda4 <strong data-start=\"147\" data-end=\"197\">La Love Room\u00a0 \u2013 L\u2019audace en toute \u00e9l\u00e9gance<\/strong><br data-start=\"197\" data-end=\"200\" \/>Entrez dans une <strong data-start=\"216\" data-end=\"243\">Love Room raffin\u00e9e<\/strong>, pens\u00e9e pour les couples curieux, complices et en qu\u00eate d\u2019une exp\u00e9rience hors du commun.<br data-start=\"332\" data-end=\"335\" \/>L\u2019atmosph\u00e8re y est <strong data-start=\"354\" data-end=\"403\">feutr\u00e9e, myst\u00e9rieuse et intens\u00e9ment immersive<\/strong>, invitant \u00e0 l\u2019exploration, \u00e0 la confiance et au l\u00e2cher-prise.<\/p><p data-start=\"467\" data-end=\"746\">L\u2019espace est soigneusement am\u00e9nag\u00e9 avec des <strong data-start=\"511\" data-end=\"553\">\u00e9l\u00e9ments\u00a0 esth\u00e9tiques et s\u00e9curis\u00e9s<\/strong>, int\u00e9gr\u00e9s dans un d\u00e9cor \u00e9l\u00e9gant et respectueux.<br data-start=\"601\" data-end=\"604\" \/>Chaque d\u00e9tail a \u00e9t\u00e9 con\u00e7u pour stimuler les sens, renforcer la connexion et offrir un moment unique, dans un cadre <strong data-start=\"719\" data-end=\"745\">100 % priv\u00e9 et discret<\/strong>.<\/p><p data-start=\"748\" data-end=\"950\">Que vous soyez novices ou initi\u00e9s, cette Love Room est une invitation \u00e0 vivre une exp\u00e9rience diff\u00e9rente, intense et m\u00e9morable, o\u00f9 le jeu des r\u00f4les, l\u2019ambiance et la complicit\u00e9 prennent toute leur place.<\/p><p data-start=\"952\" data-end=\"1035\"><strong data-start=\"952\" data-end=\"971\">Instant \u00c9vasion<\/strong>, c\u2019est l\u2019art de transformer l\u2019audace en exp\u00e9rience inoubliable.<\/p>\t\t\t\t\t\t<\/div>\n\t\t\t\t<\/div>\n\t\t\t\t<\/div>\n\t\t\t\t\t<\/div>\n\t\t\t\t<\/div>\n\t\t<div class=\"elementor-element elementor-element-ced7242 e-flex e-con-boxed cmsmasters-block-default e-con e-parent\" data-id=\"ced7242\" data-element_type=\"container\">\n\t\t\t\t\t<div class=\"e-con-inner\">\n\t\t<div class=\"elementor-element elementor-element-254f3d1 e-con-full e-flex cmsmasters-block-default e-con e-child\" data-id=\"254f3d1\" data-element_type=\"container\">\n\t\t\t\t<div class=\"elementor-element elementor-element-4a5703b cmsmasters-block-default cmsmasters-sticky-default elementor-widget elementor-widget-text-editor\" data-id=\"4a5703b\" data-element_type=\"widget\" data-widget_type=\"text-editor.default\">\n\t\t\t\t<div class=\"elementor-widget-container\">\n\t\t\t\t\t\t\t<p data-start=\"153\" data-end=\"440\">\u00a0<\/p><p data-start=\"153\" data-end=\"440\">\u00a0<\/p><p data-start=\"153\" data-end=\"440\">\ud83d\udecf\ufe0f <strong data-start=\"157\" data-end=\"202\">La chambre \u2013 Confort, douceur et intimit\u00e9<\/strong><br data-start=\"202\" data-end=\"205\" \/>D\u00e9couvrez une <strong data-start=\"219\" data-end=\"247\">chambre cosy et raffin\u00e9e<\/strong>, pens\u00e9e pour offrir un v\u00e9ritable moment de repos et de connexion \u00e0 deux.<br data-start=\"320\" data-end=\"323\" \/>L\u2019ambiance y est <strong data-start=\"340\" data-end=\"368\">chaleureuse et apaisante<\/strong>, id\u00e9ale pour prolonger l\u2019\u00e9vasion apr\u00e8s un moment de d\u00e9tente au jacuzzi.<\/p><p data-start=\"442\" data-end=\"661\">La literie confortable, la d\u00e9coration soign\u00e9e et l\u2019atmosph\u00e8re feutr\u00e9e invitent \u00e0 la relaxation, au calme et \u00e0 la complicit\u00e9.<br data-start=\"566\" data-end=\"569\" \/>C\u2019est un espace o\u00f9 l\u2019on prend le temps, o\u00f9 l\u2019on se retrouve, loin du stress et du quotidien.<\/p><p data-start=\"663\" data-end=\"805\">Chez <strong data-start=\"668\" data-end=\"687\">Instant \u00c9vasion<\/strong>, chaque chambre est con\u00e7ue comme un cocon, pour transformer une simple nuit en une v\u00e9ritable parenth\u00e8se de bien-\u00eatre.<\/p>\t\t\t\t\t\t<\/div>\n\t\t\t\t<\/div>\n\t\t\t\t<\/div>\n\t\t<div class=\"elementor-element elementor-element-8b211ac e-con-full e-flex cmsmasters-block-default e-con e-child\" data-id=\"8b211ac\" data-element_type=\"container\">\n\t\t<div class=\"elementor-element elementor-element-a8258a0 e-flex e-con-boxed cmsmasters-block-default e-con e-child\" data-id=\"a8258a0\" data-element_type=\"container\">\n\t\t\t\t\t<div class=\"e-con-inner\">\n\t\t\t\t<div class=\"elementor-element elementor-element-9f3edda cmsmasters-block-default cmsmasters-sticky-default elementor-widget elementor-widget-image\" data-id=\"9f3edda\" data-element_type=\"widget\" data-widget_type=\"image.default\">\n\t\t\t\t<div class=\"elementor-widget-container\">\n\t\t\t\t\t\t\t\t\t\t\t\t\t<img loading=\"lazy\" decoding=\"async\" width=\"1024\" height=\"473\" src=\"https:\/\/www.instantevasion.be\/wp-content\/uploads\/2025\/12\/20251207_172701-1024x473.jpg\" class=\"attachment-large size-large wp-image-46457\" alt=\"\" srcset=\"https:\/\/www.instantevasion.be\/wp-content\/uploads\/2025\/12\/20251207_172701-1024x473.jpg 1024w, https:\/\/www.instantevasion.be\/wp-content\/uploads\/2025\/12\/20251207_172701-300x139.jpg 300w, https:\/\/www.instantevasion.be\/wp-content\/uploads\/2025\/12\/20251207_172701-768x355.jpg 768w, https:\/\/www.instantevasion.be\/wp-content\/uploads\/2025\/12\/20251207_172701-1536x710.jpg 1536w, https:\/\/www.instantevasion.be\/wp-content\/uploads\/2025\/12\/20251207_172701-2048x946.jpg 2048w, https:\/\/www.instantevasion.be\/wp-content\/uploads\/2025\/12\/20251207_172701-649x300.jpg 649w, https:\/\/www.instantevasion.be\/wp-content\/uploads\/2025\/12\/20251207_172701-600x277.jpg 600w\" sizes=\"(max-width: 1024px) 100vw, 1024px\" \/>\t\t\t\t\t\t\t\t\t\t\t\t\t<\/div>\n\t\t\t\t<\/div>\n\t\t\t\t\t<\/div>\n\t\t\t\t<\/div>\n\t\t<div class=\"elementor-element elementor-element-f8a7a5b e-flex e-con-boxed cmsmasters-block-default e-con e-child\" data-id=\"f8a7a5b\" data-element_type=\"container\">\n\t\t\t\t\t<div class=\"e-con-inner\">\n\t\t\t\t<div class=\"elementor-element elementor-element-53793ca cmsmasters-block-default cmsmasters-sticky-default elementor-widget elementor-widget-image\" data-id=\"53793ca\" data-element_type=\"widget\" data-widget_type=\"image.default\">\n\t\t\t\t<div class=\"elementor-widget-container\">\n\t\t\t\t\t\t\t\t\t\t\t\t\t<img loading=\"lazy\" decoding=\"async\" width=\"1024\" height=\"473\" src=\"https:\/\/www.instantevasion.be\/wp-content\/uploads\/2025\/12\/20251209_165948-1024x473.jpg\" class=\"attachment-large size-large wp-image-46736\" alt=\"\" srcset=\"https:\/\/www.instantevasion.be\/wp-content\/uploads\/2025\/12\/20251209_165948-1024x473.jpg 1024w, https:\/\/www.instantevasion.be\/wp-content\/uploads\/2025\/12\/20251209_165948-300x139.jpg 300w, https:\/\/www.instantevasion.be\/wp-content\/uploads\/2025\/12\/20251209_165948-768x355.jpg 768w, https:\/\/www.instantevasion.be\/wp-content\/uploads\/2025\/12\/20251209_165948-1536x710.jpg 1536w, https:\/\/www.instantevasion.be\/wp-content\/uploads\/2025\/12\/20251209_165948-2048x946.jpg 2048w, https:\/\/www.instantevasion.be\/wp-content\/uploads\/2025\/12\/20251209_165948-649x300.jpg 649w, https:\/\/www.instantevasion.be\/wp-content\/uploads\/2025\/12\/20251209_165948-600x277.jpg 600w, https:\/\/www.instantevasion.be\/wp-content\/uploads\/2025\/12\/20251209_165948-scaled.webp 1920w\" sizes=\"(max-width: 1024px) 100vw, 1024px\" \/>\t\t\t\t\t\t\t\t\t\t\t\t\t<\/div>\n\t\t\t\t<\/div>\n\t\t\t\t\t<\/div>\n\t\t\t\t<\/div>\n\t\t\t\t<\/div>\n\t\t\t\t\t<\/div>\n\t\t\t\t<\/div>\n\t\t<div class=\"elementor-element elementor-element-d96f00f e-flex e-con-boxed cmsmasters-block-default e-con e-parent\" data-id=\"d96f00f\" data-element_type=\"container\">\n\t\t\t\t\t<div class=\"e-con-inner\">\n\t\t<div class=\"elementor-element elementor-element-8e24df4 e-con-full e-flex cmsmasters-block-default e-con e-child\" data-id=\"8e24df4\" data-element_type=\"container\">\n\t\t<div class=\"elementor-element elementor-element-3ee3f11 e-flex e-con-boxed cmsmasters-block-default e-con e-child\" data-id=\"3ee3f11\" data-element_type=\"container\">\n\t\t\t\t\t<div class=\"e-con-inner\">\n\t\t<div class=\"elementor-element elementor-element-7ca506f e-flex e-con-boxed cmsmasters-block-default e-con e-child\" data-id=\"7ca506f\" data-element_type=\"container\">\n\t\t\t\t\t<div class=\"e-con-inner\">\n\t\t<div class=\"elementor-element elementor-element-fe32af9 e-flex e-con-boxed cmsmasters-block-default e-con e-child\" data-id=\"fe32af9\" data-element_type=\"container\">\n\t\t\t\t\t<div class=\"e-con-inner\">\n\t\t\t\t<div class=\"elementor-element elementor-element-a399bae cmsmasters-block-default cmsmasters-sticky-default elementor-widget elementor-widget-image\" data-id=\"a399bae\" data-element_type=\"widget\" data-widget_type=\"image.default\">\n\t\t\t\t<div class=\"elementor-widget-container\">\n\t\t\t\t\t\t\t\t\t\t\t\t\t<img loading=\"lazy\" decoding=\"async\" width=\"1024\" height=\"473\" src=\"https:\/\/www.instantevasion.be\/wp-content\/uploads\/2025\/12\/20251207_172818-1-1024x473.webp\" class=\"attachment-large size-large wp-image-46748\" alt=\"\" srcset=\"https:\/\/www.instantevasion.be\/wp-content\/uploads\/2025\/12\/20251207_172818-1-1024x473.webp 1024w, https:\/\/www.instantevasion.be\/wp-content\/uploads\/2025\/12\/20251207_172818-1-300x139.webp 300w, https:\/\/www.instantevasion.be\/wp-content\/uploads\/2025\/12\/20251207_172818-1-768x355.webp 768w, https:\/\/www.instantevasion.be\/wp-content\/uploads\/2025\/12\/20251207_172818-1-1536x710.webp 1536w, https:\/\/www.instantevasion.be\/wp-content\/uploads\/2025\/12\/20251207_172818-1-scaled.webp 1920w, https:\/\/www.instantevasion.be\/wp-content\/uploads\/2025\/12\/20251207_172818-1-649x300.webp 649w, https:\/\/www.instantevasion.be\/wp-content\/uploads\/2025\/12\/20251207_172818-1-600x277.webp 600w\" sizes=\"(max-width: 1024px) 100vw, 1024px\" \/>\t\t\t\t\t\t\t\t\t\t\t\t\t<\/div>\n\t\t\t\t<\/div>\n\t\t\t\t\t<\/div>\n\t\t\t\t<\/div>\n\t\t\t\t\t<\/div>\n\t\t\t\t<\/div>\n\t\t\t\t\t<\/div>\n\t\t\t\t<\/div>\n\t\t\t\t<\/div>\n\t\t<div class=\"elementor-element elementor-element-3fda5cd e-con-full e-flex cmsmasters-block-default e-con e-child\" data-id=\"3fda5cd\" data-element_type=\"container\">\n\t\t\t\t<div class=\"elementor-element elementor-element-68c8b52 cmsmasters-block-default cmsmasters-sticky-default elementor-widget elementor-widget-text-editor\" data-id=\"68c8b52\" data-element_type=\"widget\" data-widget_type=\"text-editor.default\">\n\t\t\t\t<div class=\"elementor-widget-container\">\n\t\t\t\t\t\t\t<p data-start=\"131\" data-end=\"412\">\ud83d\udec1 <strong data-start=\"134\" data-end=\"193\">La salle de bain \u2013 Un espace de bien-\u00eatre et d\u2019\u00e9l\u00e9gance<\/strong><br data-start=\"193\" data-end=\"196\" \/>D\u00e9couvrez une <strong data-start=\"210\" data-end=\"258\">salle de bain cosy et soigneusement am\u00e9nag\u00e9e<\/strong>, pens\u00e9e comme un v\u00e9ritable espace de d\u00e9tente.<br data-start=\"304\" data-end=\"307\" \/>L\u2019ambiance y est <strong data-start=\"324\" data-end=\"362\">chaleureuse, apaisante et raffin\u00e9e<\/strong>, id\u00e9ale pour prolonger votre moment de bien-\u00eatre.<\/p><p data-start=\"414\" data-end=\"667\">Que ce soit pour une douche relaxante ou un moment de pr\u00e9paration en toute tranquillit\u00e9, tout est con\u00e7u pour votre confort et votre intimit\u00e9.<br data-start=\"555\" data-end=\"558\" \/>Les mat\u00e9riaux, la lumi\u00e8re et l\u2019atmosph\u00e8re cr\u00e9ent un cadre agr\u00e9able, propice \u00e0 la d\u00e9tente et \u00e0 la d\u00e9connexion.<\/p><p data-start=\"669\" data-end=\"786\">Chez <strong data-start=\"674\" data-end=\"693\">Instant \u00c9vasion<\/strong>, chaque espace est pens\u00e9 pour vous offrir une exp\u00e9rience compl\u00e8te, harmonieuse et m\u00e9morable.<\/p>\t\t\t\t\t\t<\/div>\n\t\t\t\t<\/div>\n\t\t\t\t<\/div>\n\t\t\t\t\t<\/div>\n\t\t\t\t<\/div>\n\t\t\t\t<\/div>\n\t\t","protected":false},"excerpt":{"rendered":"<p>\ud83c\udf7d\ufe0f Un espace pour savourer l\u2019instantProfitez d\u2019un espace repas convivial et intimiste, id\u00e9al pour partager un moment \u00e0 deux en toute tranquillit\u00e9.Que ce soit pour un d\u00eener romantique, un petit-d\u00e9jeuner&#8230;<\/p>\n","protected":false},"author":1,"featured_media":0,"parent":0,"menu_order":0,"comment_status":"closed","ping_status":"closed","template":"","meta":{"_acf_changed":false,"footnotes":""},"class_list":["post-46397","page","type-page","status-publish","hentry"],"acf":[],"_links":{"self":[{"href":"https:\/\/www.instantevasion.be\/index.php\/wp-json\/wp\/v2\/pages\/46397","targetHints":{"allow":["GET"]}}],"collection":[{"href":"https:\/\/www.instantevasion.be\/index.php\/wp-json\/wp\/v2\/pages"}],"about":[{"href":"https:\/\/www.instantevasion.be\/index.php\/wp-json\/wp\/v2\/types\/page"}],"author":[{"embeddable":true,"href":"https:\/\/www.instantevasion.be\/index.php\/wp-json\/wp\/v2\/users\/1"}],"replies":[{"embeddable":true,"href":"https:\/\/www.instantevasion.be\/index.php\/wp-json\/wp\/v2\/comments?post=46397"}],"version-history":[{"count":40,"href":"https:\/\/www.instantevasion.be\/index.php\/wp-json\/wp\/v2\/pages\/46397\/revisions"}],"predecessor-version":[{"id":46781,"href":"https:\/\/www.instantevasion.be\/index.php\/wp-json\/wp\/v2\/pages\/46397\/revisions\/46781"}],"wp:attachment":[{"href":"https:\/\/www.instantevasion.be\/index.php\/wp-json\/wp\/v2\/media?parent=46397"}],"curies":[{"name":"wp","href":"https:\/\/api.w.org\/{rel}","templated":true}]}}